 Is k(-14) a prime number?
False
Let n = 22 - 18. Let w be (-2)/n + 1738/4. Suppose -3*i + 4*x + 8 = -317, 4*i = 5*x + w. Is i prime?
False
Is 29/(-87) + (-4210)/(-3) a composite number?
True
Let r(q) = 395*q + 55. Let u be r(6). Suppose -7*a = -u - 2062. Is a a composite number?
False
Suppose -3*r = -r - 144. Let h = r + 38. Let m = h - 57. Is m composite?
False
Suppose 5*a = 3*p - 9 + 34, 10 = 3*p + 2*a. Suppose 4*q = 5*t + 3163, -4*t - 1574 = -2*q - p*q. Is q a composite number?
False
Let f(i) = -2*i**3 - i**2 + 2*i - 1. Let z(p) = -p**2 - 4*p + 1. Let x be z(-4). Let j be f(x). Let w = 39 + j. Is w composite?
False
Suppose -3*j + n + 2461 = 0, -438 = -3*j - 5*n + 2035. Is j composite?
False
Let x(h) = -69*h + 14. Let b be x(-12). Let g = 1 - -2. Suppose b = g*n - 43. Is n a composite number?
True
Let o be (-20)/3 + 1/(-3). Let t be (-74)/14 + (-2)/o. Is (-2)/t - 14358/(-30) a prime number?
True
Let i = 54 + -12. Is 9/21 - (-6240)/i composite?
False
Suppose -n = -5*y + 2 + 14, n = -2*y + 12. Let b(w) = -32*w - 60. Let t be b(-2). Suppose 4434 = 5*f - a, -3*f - n*a - 883 = -t*f. Is f a composite number?
False
Suppose -40*p + 420923 = -17*p. Is p a composite number?
False
Let x = -2615 + 3989. Let o = x - 681. Is (2/3)/(14/o) a prime number?
False
Let r(o) = -1198*o - 45. Let j be r(-9). Let c = -6904 + j. Is c a prime number?
True
Is (-1669)/(-2)*(9 + 7 + -10) a prime number?
False
Let a(i) = 1382*i + 43. Is a(5) a composite number?
True
Let g be ((-3267)/(-44))/9*(0 - -12). Let k be 4/6*(-3 - 0). Let s = k + g. Is s prime?
True
Let b(c) = 4*c - 2*c + 6*c + 8 - 3*c + 7*c**2 + c**3. Let x be b(-6). Suppose 2*y - 4*p = -0*y + 16, 4*y - x = -p. Is y a prime number?
False
Let l(i) = -i**3 + 5*i**2 + 4*i - 15. Let o be l(5). Suppose 5*p = -o*d + 370, -3*d + 5*p = -4*d + 86. Is d composite?
False
Let i(y) = 5*y - 21. Let r be i(15). Suppose 5*d - 1109 + r = 0. Is d prime?
True
Is ((-56234)/(-5))/((-146)/(-365)) a prime number?
False
Let k(h) = 7*h**2 - 10*h + 113. Is k(8) prime?
False
Let p(z) be the first derivative of 19*z**3/3 - 9*z**2 - 13*z + 39. Is p(12) composite?
True
Suppose -7*r - 1 = -6*r. Let m = r - 0. Is m/((4/(-1))/524) a prime number?
True
Let o = 38711 + -22810. Is o composite?
False
Let c be (1/3)/((-7)/(-42)). Is 16195/4 - c/24*-3 a prime number?
True
Let d be (1/(-3))/((-17)/(-102)). Suppose -o + 262 = 1218. Is d/3 - o/12 composite?
False
Let h be (-16 + 2)*(-1)/(-2). Let g = h + 10. Suppose 3*u + 309 = z + u, -g*z + u = -947. Is z a composite number?
False
Let i(j) = -j**3 + 7*j**2 - 8*j + 15. Let f be i(6). Is -1*(-70*f + 1) a prime number?
False
Let x = -3010 + 2089. Is x*(33/9 + -4) a prime number?
True
Let g be (1 - -3)*(-9)/36. Let a(r) = -360*r + 2. Is a(g) a composite number?
True
Suppose 5*k - 7*q - 15490 = -2*q, 0 = 4*k - 2*q - 12398. Is k composite?
True
Let r(p) be the first derivative of -p**5/20 - 2*p**4/3 - 2*p**3/3 + p**2 - 4*p + 2. Let f(n) be the first derivative of r(n). Is f(-9) prime?
False
Let p = 1398 + 5665. Is p a composite number?
True
Let h(p) = 4050*p**2 - 1. Let s be h(1). Suppose a = 2*w + w + 806, -4*w + s = 5*a. Is a prime?
True
Let r(h) = -17 + 2*h**2 + 0*h**2 - 5*h + 17*h**2. Is r(9) prime?
False
Suppose 3*t + 3*m = 21570, -5*t + 26524 = 3*m - 9420. Is t prime?
True
Let d(g) = -g**3 + 15*g**2 + 23*g + 215. Is d(-28) a prime number?
False
Let k be (-8)/(-10)*(-50)/(-20). Suppose -4*t - k = 2. Is -1*t/((-2)/(-66)) a composite number?
True
Let w(n) be the second derivative of n**3/6 - 3*n**2/2 + 2*n. Let b be w(8). Suppose 0 = b*u - 253 - 1192. Is u composite?
True
Let y = -810 + 1699. Is y composite?
True
Let f = 11851 + -5954. Is f a prime number?
True
Suppose n - 9 + 6 = 0. Suppose s + w = 7, s + n*w - 13 = 2. Is (0 + (-149)/s)*-3 prime?
True
Let i(p) = 2*p**3 + p - 1. Let x be i(2). Let n = x - 9. Is 13/(-104) - (-5529)/n composite?
False
Let b(g) = -g**3 + 9*g + 7. Let s be b(-3). Suppose 5*k = s*k - 1894. Is k a prime number?
True
Suppose -d + 6*s = s + 1, 3*s + 5 = 2*d. Suppose 584 = d*q - 908. Is q a prime number?
True
Let f(o) = 352*o + 3. Let z(k) = -k + 1. Let h(q) = -120*q + 2. Let s(n) = -h(n) + 3*z(n). Let r(m) = -6*f(m) + 17*s(m). Is r(-1) composite?
True
Let m = 30724 + -21075. Is m composite?
False
Suppose 6*s = 11866 + 66260. Is s a prime number?
False
Let j be ((-4)/(-5))/(1/35). Suppose -3*r + 521 = -j. Is r composite?
True
Let s be (-10)/6 + (-4)/(-6). Let j be 0/(0 - (s - 1)). Suppose 7*n + y - 155 = 4*n, j = -5*n + 3*y + 249. Is n prime?
False
Let n(j) = -7*j**3 - 3*j**2 - 4*j + 5. Let o be n(-5). Suppose -965 = 5*u + o. Is (u - -5)*(-2)/2 a prime number?
True
Let p be (-18)/24 - (-1)/(-4). Is 19935/9*(0 - p) a prime number?
False
Let q = 8 + -8. Suppose -3*r = 4*j + 2, 4*r + r - 3*j - 16 = q. Suppose -659 = -3*g + r*y, y - 3*y + 679 = 3*g. Is g a composite number?
False
Let l be ((-4)/12 + 2)*-9. Is (478/8)/(l/(-60)) a composite number?
False
Suppose -2*w = 2, 3*t - 9*w = -5*w + 28801. Is t composite?
True
Let r = -18 - -148. Let n = r + 1113. Is n a prime number?
False
Let c = -4315 - -6522. Is c a composite number?
False
Let t(y) be the first derivative of y**3/3 + 7*y**2/2 + 4*y + 7. Let x be t(-7). Suppose 1283 - 4639 = -x*z. Is z prime?
True
Let a(s) = 152*s + 9. Is a(5) a prime number?
True
Let j(g) = -8*g - 14. Let u be j(-10). Is (-7405)/(-11) + (-12)/u a prime number?
True
Is (-106298)/(-6) - ((-56)/12)/7 composite?
True
Let p = 15490 + -971. Is p composite?
False
Let t(j) = -j**3 - 9*j**2 + 8*j - 5. Suppose 30 = 8*p - 11*p. Is t(p) a prime number?
False
Is 45/18*(-163974)/(-15) composite?
False
Let j(t) = 3*t**2 + 23*t - 37. Suppose -m - 17 = n - 0*m, 0 = -4*m + 4. Is j(n) composite?
False
Let u = 545 + -278. Suppose 0 = 44*m - 43*m - u. Is m composite?
True
Suppose -3*d + 59521 = -8876. Is d a prime number?
False
Let n = 31 + -28. Suppose n*v = 0, 0 = -p - 0*v - 4*v + 1207. Is p a prime number?
False
Let z = 385 + 12982. Is z a composite number?
False
Is (-3 - 97361/(-33))/(2/3) a composite number?
False
Suppose -5*x + c + 88022 = -6293, -4*x + 75433 = 3*c. Is x composite?
True
Suppose 16 = 7*h - 5. Suppose -261 = -h*c + 2406. Is c a composite number?
True
Let g(h) = 4*h - 6. Let r be g(2). Suppose -42 = -w + 3*f - 5, -4*w = r*f - 190. Is w composite?
True
Let c(q) be the first derivative of 11*q**3 - 3*q**2/2 + q - 3. Let z be ((-3)/(-9))/((-2)/(-12)). Is c(z) composite?
False
Let o(h) = -3291*h - 20. Is o(-1) a composite number?
False
Let m be 4 + (28*2)/4. Let b(d) = 1 + 12 + 15 - 36*d - m. Is b(-7) composite?
True
Suppose 0 = -2*r + 5*h + 1496, 4*h + 0*h = r - 745. Suppose -3*k - 3*z = 2*k - 1255, -3*k - 3*z + r = 0. Is k composite?
False
Is -1 + -3 - (-1890 + -15) composite?
False
Suppose 9*i - 13906 - 3635 = 0. Is i prime?
True
Let c(r) = -r**3 - 9*r**2 - 8*r - 6. Let y be c(-8). Let t be (4/(-10))/(y/30). Is 3/6*t*67 composite?
False
Suppose 2*y + 2*y + 8 = 0. Let n be 1*(172 - 2)/y. Let t = 206 + n. Is t a prime number?
False
Let n(w) be the third derivative of 0 - 6*w**2 + 1/2*w**3 + 275/24*w**4 + 0*w. Is n(2) prime?
False
Suppose 3*h - 16 = -4*n, 2*n - 5*h - 13 + 5 = 0. Is (-1987)/(-5) + n*1/(-10) a composite number?
False
Is ((-8)/(-12))/(12/(-5067))*-2 a composite number?
False
Suppose 9 + 15 = 2*u - 2*h, 5*u = h + 40. Let r = 9 - u. Is -4*(r - 471/12) a prime number?
True
Suppose -19140 - 74230 = -10*n. Is n composite?
False
Suppose 0 = -3*f - 2*f + 40. Let c = -5 + f. Is 0 + 1989/c - 4 a prime number?
True
Let n = -507 + 808. Let z = -183 + n. Is z a composite number?
True
Let g(h) = 12*h**3 - 11*h**2 - 21*h + 15. Is g(10) composite?
True
Let x(q) = -q**2 - 12*q + 17. Let m be x(-13). Let z be (-10352)/(-28) - m/(-14). Suppose -4*j = 11 + 9, 0 = 5*r + 3*j - z. Is r composite?
True
Suppose s - 3*o - 44 + 171 = 0, -s - 125 = -4*o. Suppose -11*k - 43 = -54. Is (k - s)*(-7)/(-14) a composite number?
False
Is (-12332)/(-3) + (-7)/(-21) prime?
True
Suppose -3*x + 330 = -5*t - x, -t - 73 = x. Let y = 25 - t. Is y prime?
False
Let m = 362 + 429. Is m a prime number?
False
Let r = -57 + 68. Let j(y) = 92*y - 29. Is j(r) a composite number?
False
Suppose 9*m - 5*m + 1808 = 0. Let i = 1411 + m. Is i a composite number?
True
Let v(k) = -17*k**3 + 2*k**2 - 